rt -6601 (base 11) to base 15.
-28ad
What is 12776 (base 8) in base 15?
1a05
3ba6 (base 14) to base 16
2926
What is 17c (base 13) in base 9?
332
What is -2225 (base 16) in base 3?
-102222202
What is 434 (base 13) in base 10?
719
Convert 147b1 (base 12) to base 14.
a6c5
What is 1214103 (base 5) in base 9?
34526
112224 (base 5) to base 3
12120112
What is -2080 (base 10) in base 2?
-100000100000
523 (base 7) to base 8
406
17002 (base 10) to base 11
11857
Convert -20162 (base 7) to base 3.
-20201022
Convert -a38 (base 12) to base 11.
-112a
10112022 (base 3) to base 10
2573
Convert -41 (base 11) to base 5.
-140
-110230 (base 4) to base 7
-3601
101101110010001 (base 2) to base 9
35135
49bd (base 15) to base 12
9107
Convert d629 (base 14) to base 8.
110025
What is 3101222 (base 4) in base 16?
346a
Convert 20012 (base 4) to base 11.
431
1138 (base 10) to base 5
14023
What is 10011101111 (base 2) in base 14?
663
What is -2102020 (base 3) in base 11?
-1361
Convert -24450 (base 7) to base 10.
-6405
What is 1210112 (base 3) in base 7?
3551
Convert 1421 (base 10) to base 9.
1848
-1134223 (base 5) to base 12
-10318
What is -3770 (base 16) in base 12?
-8268
What is -3a2 (base 12) in base 3?
-202112
What is 11321333 (base 4) in base 7?
130346
-3463 (base 7) to base 13
-769
-4821 (base 14) to base 12
-7339
What is -1919 (base 11) in base 4?
-212020
b45 (base 14) to base 7
6315
Convert -884 (base 10) to base 12.
-618
10553 (base 7) to base 13
12b6
14414 (base 8) to base 9
8714
8546 (base 11) to base 2
10110000100111
Convert 54 (base 6) to base 4.
202
Convert -151557 (base 8) to base 2.
-1101001101101111
Convert -241 (base 14) to base 5.
-3244
Convert 5317 (base 13) to base 8.
26370
What is 666 (base 11) in base 13?
495
Convert -100011110000 (base 2) to base 11.
-17a0
What is 192 (base 10) in base 13?
11a
-19 (base 15) to base 16
-18
3e4 (base 16) to base 2
1111100100
Convert 5b54 (base 14) to base 4.
3321032
What is -5335 (base 8) in base 6?
-20513
What is -122123 (base 6) in base 15?
-3336
What is -12011102 (base 3) in base 12?
-2218
What is 32321 (base 4) in base 6?
4225
What is -49b9 (base 16) in base 9?
-27800
What is 3614a (base 11) in base 14?
14da4
Convert -11b (base 16) to base 3.
-101111
-45244 (base 7) to base 3
-120201001
Convert 203101 (base 4) to base 6.
14241
-717 (base 8) to base 7
-1231
What is 164 (base 9) in base 16?
8b
What is 75ba (base 12) in base 7?
52531
-27906 (base 10) to base 16
-6d02
Convert -10112100220 (base 3) to base 7.
-406455
Convert -d94f (base 16) to base 12.
-2823b
1642 (base 7) to base 13
3c4
122332 (base 5) to base 14
1a0d
-232641 (base 7) to base 10
-41826
Convert 757 (base 9) to base 10.
619
What is 165 (base 14) in base 11?
23a
Convert -3062 (base 16) to base 10.
-12386
Convert 10000010 (base 2) to base 7.
244
Convert -150515 (base 7) to base 3.
-1110212122
What is -816 (base 14) in base 4?
-120310
Convert 101 (base 13) to base 11.
145
What is -13224 (base 6) in base 16?
-7f0
What is -48f (base 16) in base 14?
-5d5
What is 1221101122 (base 3) in base 4?
21110303
2303 (base 5) to base 6
1304
What is -266 (base 14) in base 15?
-222
3d25 (base 16) to base 3
210110202
-5321 (base 6) to base 15
-551
What is 469 (base 11) in base 10?
559
What is 461 (base 8) in base 9?
368
What is -8639 (base 12) in base 16?
-398d
-121d4 (base 14) to base 9
-66666
-11000011101 (base 2) to base 16
-61d
-48144 (base 9) to base 13
-11869
-15052 (base 6) to base 4
-211220
-12210333 (base 4) to base 13
-c357
Convert 963 (base 12) to base 2.
10101011011
Convert -151215 (base 7) to base 4.
-13021101
Convert 12023313 (base 4) to base 13.
b6bb
11642 (base 12) to base 9
35055
14162 (base 7) to base 15
122b
1312022 (base 4) to base 2
1110110001010
1001011010100111 (base 2) to base 3
1221220102
103310 (base 4) to base 3
1201222
Convert -210310 (base 6) to base 3.
-212021020
Convert -5787 (base 9) to base 6.
-31511
Convert 1606 (base 7) to base 5.
10033
What is 14957 (base 11) in base 4?
11021330
What is -40303 (base 6) in base 2?
-1010010101111
What is 340e (base 16) in base 13?
60b1
What is -99 (base 16) in base 12?
-109
What is -4896 (base 11) in base 15?
-1d67
1960 (base 10) to base 2
11110101000
10010101 (base 2) to base 3
12112
Convert -66e (base 15) to base 2.
-10110101110
Convert -24710 (base 10) to base 3.
-1020220012
971 (base 11) to base 10
1167
What is -776 (base 9) in base 13?
-39c
What is 300101 (base 4) in base 7?
12002
What is -b9 (base 13) in base 7?
-305
Convert 2f87 (base 16) to base 2.
10111110000111
-4a0 (base 13) to base 12
-572
What is 3d52 (base 16) in base 9?
23472
Convert -312652 (base 7) to base 4.
-31021033
Convert 122111020 (base 3) to base 6.
135010
Convert 14771 (base 8) to base 7.
25246
-1310301 (base 4) to base 3
-101020210
What is 211010002 (base 3) in base 11?
11126
-543 (base 10) to base 8
-1037
Convert 134 (base 8) to base 16.
5c
What is -111101101001 (base 2) in base 14?
-161b
Convert -3c7 (base 15) to base 9.
-1157
1322032 (base 4) to base 12
463a
-4174 (base 8) to base 7
-6222
-1220110 (base 3) to base 14
-713
Convert -14110 (base 7) to base 5.
-110304
Convert 10101100101 (base 2) to base 7.
4012
What is 1990 (base 10) in base 12?
119a
-34c (base 14) to base 15
-2db
What is 1100111010 (base 2) in base 8?
1472
Convert 11001000001110 (base 2) to base 15.
3be4
a2 (base 13) to base 14
96
What is -21576 (base 9) in base 13?
-669c
122011122 (base 3) to base 2
11000011100110
What is -1d7a (base 14) in base 3?
-21102000
What is -6b4 (base 15) in base 12?
-a67
Convert -10100 (base 5) to base 7.
-1616
-1268 (base 11) to base 12
-b53
What is -1068 (base 9) in base 12?
-55b
2230110 (base 4) to base 5
323103
What is 720 (base 8) in base 13?
299
What is 10b (base 14) in base 13?
12c
Convert 1770 (base 12) to base 3.
10212110
What is -284 (base 10) in base 3?
-101112
Convert 121 (base 3) to base 7.
22
d991 (base 14) to base 9
56466
What is -119d (base 14) in base 11?
-234a
11000000001011 (base 2) to base 5
343144
What is -19da (base 16) in base 9?
-10063
Convert 41 (base 11) to base 7.
63
-95a (base 11) to base 15
-51e
What is -33010 (base 4) in base 12?
-684
-846 (base 10) to base 13
-501
-100111011 (base 2) to base 4
-10323
What is 1000124 (base 6) in base 2?
1011011001110100
What is -1044204 (base 6) in base 3?
-2200101211
What is -2ed (base 15) in base 6?
-3041
1003 (base 11) to base 10
1334
Convert -26312 (base 7) to base 5.
-211031
What is -10011001000010 (base 2) in base 7?
-40361
Convert 1131 (base 6) to base 2.
100001111
-16551 (base 12) to base 4
-13302031
What is a7 (base 12) in base 9?
151
Convert 111010010101 (base 2) to base 16.
e95
-15335 (base 6) to base 7
-10211
What is 360 (base 10) in base 15?
190
Convert -264 (base 11) to base 14.
-184
What is -110 (base 12) in base 6?
-420
What is 400 (base 9) in base 4?
11010
Convert 14658 (base 13) to base 14.
10016
Convert -9b7 (base 15) to base 13.
-1000
What is -120002 (base 4) in base 12?
-a82
111300 (base 6) to base 12
5530
Convert 5431 (base 6) to base 9.
1631
Convert -10123 (base 5) to base 2.
-1010010111
430543 (base 6) to base 15
a669
What is -110110100100 (base 2) in base 14?
-13b6
11100101010111 (base 2) to base 3
202010200
What is -343 (base 11) in base 9?
-505
Convert 11000001111 (base 2) to base 15.
6d6
Convert 500 (base 8) to base 2.
101000000
What is 1b0a (base 16) in base 14?
2746
Convert 2502 (base 9) to base 16.
749
What is -340120 (base 5) in base 6?
-131050
Convert -3625 (base 16) to base 6.
-144101
218 (base 10) to base 8
332
Convert 51273 (base 8) to base 7.
115514
What is -107 (base 8) in base 4?
-1013
13013 (base 4) to base 11
384
Convert -222212 (base 3) to base 13.
-43a
222153 (base 6) to base 7
105234
Convert 222012 (base 4) to base 6.
20250
Convert -801 (base 13) to base 3.
-1212010
Convert 5316 (base 10) to base 4.
1103010
What is -2663 (base 10) in base 8?
-5147
-448b (base 16) to base 14
-6575
What is 3004 (base 5) in base 14?
1d1
Convert -355 (base 13) to base 6.
-2401
Convert -2011 (base 8) to base 4.
-100021
What is 220320 (base 4) in base 6?
20040
What is 3687 (base 16) in base 14?
5131
Convert -4a (base 12) to base 10.
-58
2abf (base 16) to base 12
63bb
What is -21100201 (base 3) in base 8?
-12365
What is 110200201 (base 3) in base 11